s the units digit of 189736?
6
What is the thousands digit of 2161076?
1
What is the ten thousands digit of 197788?
9
What is the tens digit of 679423?
2
What is the thousands digit of 528187?
8
What is the thousands digit of 2243960?
3
What is the thousands digit of 1433700?
3
What is the units digit of 451950?
0
What is the ten thousands digit of 2478856?
7
What is the millions digit of 2282380?
2
What is the tens digit of 42327?
2
What is the units digit of 143323?
3
What is the units digit of 912220?
0
What is the units digit of 732206?
6
What is the units digit of 13859698?
8
What is the tens digit of 1996052?
5
What is the hundred thousands digit of 585463?
5
What is the tens digit of 29806?
0
What is the tens digit of 5609514?
1
What is the millions digit of 27406165?
7
What is the hundreds digit of 939320?
3
What is the hundred thousands digit of 396287?
3
What is the hundred thousands digit of 101908?
1
What is the ten thousands digit of 2434109?
3
What is the thousands digit of 21766228?
6
What is the hundred thousands digit of 13664605?
6
What is the tens digit of 34636?
3
What is the ten thousands digit of 3726951?
2
What is the hundreds digit of 87717?
7
What is the hundreds digit of 1090727?
7
What is the hundreds digit of 31928797?
7
What is the thousands digit of 10294596?
4
What is the ten thousands digit of 4501446?
0
What is the units digit of 2398088?
8
What is the hundred thousands digit of 5004850?
0
What is the hundreds digit of 178221?
2
What is the units digit of 786041?
1
What is the ten thousands digit of 4607503?
0
What is the thousands digit of 11125305?
5
What is the units digit of 738227?
7
What is the tens digit of 23553?
5
What is the tens digit of 178161?
6
What is the hundred thousands digit of 105430?
1
What is the thousands digit of 191743?
1
What is the millions digit of 2895123?
2
What is the tens digit of 60107?
0
What is the thousands digit of 235852?
5
What is the ten thousands digit of 2656833?
5
What is the hundreds digit of 5383813?
8
What is the tens digit of 10414760?
6
What is the hundred thousands digit of 599274?
5
What is the hundreds digit of 1836104?
1
What is the thousands digit of 863071?
3
What is the ten thousands digit of 789254?
8
What is the tens digit of 1586490?
9
What is the hundreds digit of 526362?
3
What is the hundreds digit of 8427717?
7
What is the ten thousands digit of 231973?
3
What is the tens digit of 1566981?
8
What is the hundreds digit of 91280?
2
What is the hundreds digit of 404711?
7
What is the hundreds digit of 1434178?
1
What is the hundreds digit of 2593709?
7
What is the hundred thousands digit of 13648203?
6
What is the units digit of 26128?
8
What is the thousands digit of 938531?
8
What is the thousands digit of 169523?
9
What is the tens digit of 1493906?
0
What is the ten thousands digit of 1172623?
7
What is the millions digit of 1232041?
1
What is the hundred thousands digit of 184476?
1
What is the thousands digit of 1002983?
2
What is the thousands digit of 28100563?
0
What is the hundreds digit of 994456?
4
What is the units digit of 11484977?
7
What is the thousands digit of 72504?
2
What is the millions digit of 5826580?
5
What is the millions digit of 2095853?
2
What is the thousands digit of 665595?
5
What is the hundred thousands digit of 2022470?
0
What is the hundreds digit of 161679?
6
What is the hundred thousands digit of 28456390?
4
What is the hundred thousands digit of 2745372?
7
What is the thousands digit of 20890677?
0
What is the hundreds digit of 4791034?
0
What is the thousands digit of 7209515?
9
What is the thousands digit of 200676?
0
What is the units digit of 10794028?
8
What is the ten thousands digit of 5146473?
4
What is the units digit of 171974?
4
What is the ten thousands digit of 4023417?
2
What is the ten thousands digit of 21867171?
6
What is the thousands digit of 1462233?
2
What is the hundred thousands digit of 179544?
1
What is the tens digit of 2435714?
1
What is the units digit of 241219?
9
What is the thousands digit of 93910?
3
What is the ten thousands digit of 1022182?
2
What is the units digit of 8755959?
9
What is the hundred thousands digit of 921081?
9
What is the tens digit of 92937?
3
What is the thousands digit of 5830953?
0
What is the thousands digit of 1099343?
9
What is the tens digit of 6218?
1
What is the thousands digit of 32169687?
9
What is the thousands digit of 7356827?
6
What is the ten thousands digit of 347253?
4
What is the ten thousands digit of 805865?
0
What is the tens digit of 72656?
5
What is the ten thousands digit of 146641?
4
What is the hundred thousands digit of 14090607?
0
What is the tens digit of 149837?
3
What is the units digit of 2716991?
1
What is the hundred thousands digit of 4504456?
5
What is the tens digit of 220690?
9
What is the hundred thousands digit of 778009?
7
What is the millions digit of 1476139?
1
What is the hundred thousands digit of 536853?
5
What is the ten thousands digit of 906380?
0
What is the ten millions digit of 42041253?
4
What is the ten thousands digit of 8089099?
8
What is the hundreds digit of 187266?
2
What is the hundreds digit of 44936?
9
What is the ten thousands digit of 138533?
3
What is the ten thousands digit of 386283?
8
What is the units digit of 55361?
1
What is the ten thousands digit of 2929235?
2
What is the millions digit of 1667147?
1
What is the tens digit of 2175418?
1
What is the hundreds digit of 191219?
2
What is the tens digit of 9782206?
0
What is the hundreds digit of 282108?
1
What is the millions digit of 1805559?
1
What is the hundreds digit of 374477?
4
What is the hundreds digit of 6412466?
4
What is the units digit of 1139525?
5
What is the hundreds digit of 624720?
7
What is the ten thousands digit of 223019?
2
What is the tens digit of 4942797?
9
What is the tens digit of 70731?
3
What is the hundreds digit of 149636?
6
What is the thousands digit of 4401547?
1
What is the ten thousands digit of 5819633?
1
What is the hundred thousands digit of 448499?
4
What is the thousands digit of 25933?
5
What is the ten thousands digit of 12328427?
2
What is the units digit of 1271957?
7
What is the ten thousands digit of 199323?
9
What is the hundreds digit of 112898?
8
What is the units digit of 18382594?
4
What is the hundreds digit of 96186?
1
What is the units digit of 1944444?
4
What is the thousands digit of 92527?
2
What is the hundred thousands digit of 1345120?
3
What is the tens digit of 227155?
5
What is the hundreds digit of 1019760?
7
What is the hundreds digit of 107373?
3
What is the millions digit of 11437757?
1
What is the thousands digit of 614268?
4
What is the millions digit of 5814962?
5
What is the hundred thousands digit of 194140?
1
What is the hundred thousands digit of 2429153?
4
What is the thousands digit of 673716?
3
What is the millions digit of 1771923?
1
What is the hundred thousands digit of 22426878?
4
What is the tens digit of 2461188?
8
What is the ten thousands digit of 1753758?
5
What is the thousands digit of 15958505?
8
What is the hundred thousands digit of 2371812?
3
What is the millions digit of 2632225?
2
What is the thousands digit of 18866?
8
What is the hundreds digit of 6822083?
0
What is the thousands digit of 1341579?
1
What is the millions digit of 15624601?
5
What is the millions digit of 4468619?
4
What is the ten thousands digit of 16320635?
2
What is the hundred thousands digit of 262703?
2
What is the hundreds digit of 147497?
4
What is the hundreds digit of 3434179?
1
What is the ten millions digit of 19715701?
1
What is the tens digit of 166336?
3
What is the tens digit of 949090?
9
What is the hundreds digit of 519694?
6
What is the tens digit of 379676?
7
What is the hundreds digit of 1428872?
8
What is the hundred thousands digit of 14182110?
1
What is the units digit of 27512?
2
What is the units digit of 663871?
1
What is the hundred thousands digit of 426006?
4
What is the units digit of 1911200?
0
What is the millions digit of 6282156?
6
What is the thousands digit of 3496412?
6
What is the tens digit of 4021266?
6
What is the tens digit of 6526798?
9
What is the millions digit of 20141235?
0
What is the hundreds digit of 16411666?
6
What is the te